{"id":9,"date":"2020-11-25T18:54:34","date_gmt":"2020-11-25T18:54:34","guid":{"rendered":"https:\/\/sevillanism.es\/?page_id=9"},"modified":"2024-04-02T08:53:16","modified_gmt":"2024-04-02T08:53:16","slug":"sobre-mi","status":"publish","type":"page","link":"https:\/\/sevillanism.es\/index.php\/sobre-mi\/","title":{"rendered":"Sobre mi"},"content":{"rendered":"\t\t<div data-elementor-type=\"wp-page\" data-elementor-id=\"9\" class=\"elementor elementor-9\">\n\t\t\t\t\t\t<div class=\"elementor-inner\">\n\t\t\t\t<div class=\"elementor-section-wrap\">\n\t\t\t\t\t\t\t\t\t<section class=\"elementor-section elementor-top-section elementor-element elementor-element-73c231fe elementor-section-boxed elementor-section-height-default elementor-section-height-default elementor-invisible\" data-id=\"73c231fe\" data-element_type=\"section\" data-settings=\"{&quot;animation&quot;:&quot;fadeInUp&quot;}\">\n\t\t\t\t\t\t<div class=\"elementor-container elementor-column-gap-default\">\n\t\t\t\t\t\t\t<div class=\"elementor-row\">\n\t\t\t\t\t<div class=\"elementor-column elementor-col-100 elementor-top-column elementor-element elementor-element-1cfef3c3\" data-id=\"1cfef3c3\" data-element_type=\"column\">\n\t\t\t<div class=\"elementor-column-wrap elementor-element-populated\">\n\t\t\t\t\t\t\t<div class=\"elementor-widget-wrap\">\n\t\t\t\t\t\t<div class=\"elementor-element elementor-element-7019d59b elementor-widget elementor-widget-text-editor\" data-id=\"7019d59b\" data-element_type=\"widget\" data-widget_type=\"text-editor.default\">\n\t\t\t\t<div class=\"elementor-widget-container\">\n\t\t\t\t\t\t\t\t<div class=\"elementor-text-editor elementor-clearfix\">\n\t\t\t\t<!-- wp:group {\"align\":\"wide\"} -->\n<div class=\"wp-block-group alignwide\"><!-- wp:media-text {\"mediaId\":963,\"mediaLink\":\"https:\/\/sevillanism.es\/index.php\/sobre-mi\/sobre_mi_sevillanism_catedral_giralda_sevilla\/\",\"mediaType\":\"image\",\"mediaWidth\":37,\"verticalAlignment\":\"top\",\"imageFill\":true,\"focalPoint\":{\"x\":\"0.74\",\"y\":\"0.51\"}} -->\n<div class=\"wp-block-media-text alignwide is-stacked-on-mobile is-vertically-aligned-top is-image-fill\" style=\"grid-template-columns: 37% auto;\">\n<figure class=\"wp-block-media-text__media\" style=\"background-image: url('https:\/\/sevillanism.es\/wp-content\/uploads\/2021\/12\/sobre_mi_sevillanism_catedral_giralda_sevilla-1024x770.jpg'); background-position: 74% 51%;\"><img loading=\"lazy\" width=\"1024\" height=\"770\" class=\"wp-image-963 size-full\" src=\"https:\/\/sevillanism.es\/wp-content\/uploads\/2021\/12\/sobre_mi_sevillanism_catedral_giralda_sevilla-1024x770.jpg\" alt=\"\" srcset=\"https:\/\/sevillanism.es\/wp-content\/uploads\/2021\/12\/sobre_mi_sevillanism_catedral_giralda_sevilla-1024x770.jpg 1024w, https:\/\/sevillanism.es\/wp-content\/uploads\/2021\/12\/sobre_mi_sevillanism_catedral_giralda_sevilla-300x226.jpg 300w, https:\/\/sevillanism.es\/wp-content\/uploads\/2021\/12\/sobre_mi_sevillanism_catedral_giralda_sevilla-768x578.jpg 768w, https:\/\/sevillanism.es\/wp-content\/uploads\/2021\/12\/sobre_mi_sevillanism_catedral_giralda_sevilla-1536x1155.jpg 1536w, https:\/\/sevillanism.es\/wp-content\/uploads\/2021\/12\/sobre_mi_sevillanism_catedral_giralda_sevilla-500x376.jpg 500w, https:\/\/sevillanism.es\/wp-content\/uploads\/2021\/12\/sobre_mi_sevillanism_catedral_giralda_sevilla-800x602.jpg 800w, https:\/\/sevillanism.es\/wp-content\/uploads\/2021\/12\/sobre_mi_sevillanism_catedral_giralda_sevilla-1280x963.jpg 1280w, https:\/\/sevillanism.es\/wp-content\/uploads\/2021\/12\/sobre_mi_sevillanism_catedral_giralda_sevilla-1920x1444.jpg 1920w, https:\/\/sevillanism.es\/wp-content\/uploads\/2021\/12\/sobre_mi_sevillanism_catedral_giralda_sevilla-350x263.jpg 350w, https:\/\/sevillanism.es\/wp-content\/uploads\/2021\/12\/sobre_mi_sevillanism_catedral_giralda_sevilla.jpg 1969w\" sizes=\"(max-width: 767px) 89vw, (max-width: 1000px) 54vw, (max-width: 1071px) 543px, 580px\" \/><\/figure>\n<div class=\"wp-block-media-text__content\"><!-- wp:paragraph {\"align\":\"left\",\"dropCap\":true,\"fontSize\":\"normal\"} -->\n<p class=\"has-drop-cap has-text-align-left has-normal-font-size\">Nacido en Sevilla en 1981 y diplomado en arquitectura T\u00e9cnica en 2006, Jos\u00e9 Carlos Carrascoso Espino, conocido como Kurko por su devoci\u00f3n al grupo Nirvana, es un apasionado de la arquitectura la cual le impuls\u00f3 a querer inmortalizar cada parpadeo que se perd\u00edan sus ojos cuando se encontraba ante edificaciones que irradiaban belleza, lo que le llev\u00f3 a viajar a trav\u00e9s de media Europa, capturando momentos y monumentos.<\/p>\n<!-- \/wp:paragraph --><\/div>\n<\/div>\n<!-- \/wp:media-text --><!-- wp:paragraph -->\n<p>El transcurso de su deleite con otro tipo de construcciones y costumbres europeas, le llev\u00f3 a hacerse muchas preguntas e indagar sobre la herencia arquitect\u00f3nica de su Sevilla, tan sumamente asediada y enriquecida a lo largo de los siglos. El paso de las civilizaciones que surcaron el Guadalquivir, premiaron a Sevilla con muy variadas culturas, alzando un entramado de estilos y construyendo un patrimonio sin fin y sin igual.<\/p>\n<!-- \/wp:paragraph --><!-- wp:paragraph -->\n<p>Ese inter\u00e9s le llev\u00f3 a crear en enero de 2016 el grupo de Facebook <em>Descubriendo Sevilla<\/em>, para poder compartir su visi\u00f3n y encontrar a otros amantes de la arquitectura y cultura sevillana.<br \/>En Marzo de ese mismo a\u00f1o, emprendi\u00f3 el largo y maravilloso camino de plasmar en un libro su particular enfoque fotogr\u00e1fico, desgranando el patrimonio sevillano y escapando de la sutil y peligrosa ruta de la ignorancia y a adentrarse en la m\u00e1s profunda admiraci\u00f3n por una ciudad que poco conocemos y mucho tiene que ense\u00f1arnos.<br \/><br \/>Para ense\u00f1ar el rico patrimonio que atesora Sevilla, antes se tuvo que administrar su propia cura contra la incultura, a trav\u00e9s del conocimiento que adquiri\u00f3 de manera autodidacta, estudiando una infinidad de libros y asistiendo a numerosas visitas y sesiones en casas palacios y edificios singulares, donde le aguardaban a recaudo mil maravillas para los sentidos y los sentimientos.<br \/><br \/>A d\u00eda de hoy sigue escribiendo su sue\u00f1o en forma de libro y luchando contra esa enfermedad tan inocua y tan tristemente extendida como es el desconocimiento que produce la ceguera que muchas personas padecen.<br \/>Parafraseando a su amigo y compa\u00f1ero Aitor Vel\u00e1zquez Prados, poeta y cantante grana\u00edno, quien se ha encargado de escribir el pr\u00f3logo de su libro, podremos entender mejor su visi\u00f3n de Sevilla y su arquitectura:<br \/><br \/>\u00ab<em>Dice equivocadamente el refr\u00e1n popular que no hay m\u00e1s ciego que aquel que no quiere ver. Y digo equivocadamente porque a m\u00ed siempre me ha parecido que s\u00ed que lo hay. <br \/>Hay un tipo de ceguera que es aquella que nos provoca la costumbre a la belleza. <br \/>Y es que a veces tanto ver algo maravilloso en su cotidianidad nos lleva a no mirarlo con brillo en la mirada, a no apreciarlo por sentirlo ya nuestro, y tiene que llegar el ojo ajeno a redescubrir aquello que a veces ten\u00edamos ya olvidado.<br \/><br \/>Este paseo fotogr\u00e1fico que nos ofrece el fot\u00f3grafo Jos\u00e9 Carlos Carrascoso Espino, est\u00e1 especialmente dedicado para aquellos ciegos que miran sin ver, o peor a\u00fan; a los que ya ni miran porque piensan que lo han visto todo.<\/em>\u00ab<\/p>\n<!-- \/wp:paragraph --><!-- wp:paragraph -->\n<p><strong>Galardones<\/strong><\/p>\n<!-- \/wp:paragraph --><!-- wp:paragraph -->\n<p>1er premio en el <em>Concurso SevillaJPG 2021<\/em>, organizado por <em>Sevilla City Center<\/em> con la foto ganadora, <span style=\"color: #000000;\"><em><a style=\"color: #000000;\" href=\"https:\/\/sevillanism.es\/wp-content\/uploads\/2021\/12\/giraldillo_catedral_sevilla-e1640185454995.jpg\">Giraldillo<\/a><\/em><\/span>.<\/p>\n<p>2\u00ba premio en el <em>Concurso SevillaJPG 2022<\/em>, organizado por <em>Sevilla City Center<\/em> con la foto <a href=\"https:\/\/sevillanism.es\/wp-content\/uploads\/2021\/12\/patio_munecas_real_alcazar_sevilla-scaled-e1640185597644.jpg\"><span style=\"color: #000000;\"><em>Patio de las Mu\u00f1ecas, Real Alc\u00e1zar<\/em><\/span><\/a>.<\/p>\n<p>3er premio en el <em>Concurso SevillaJPG 2023<\/em>, organizado por <em>Sevilla City Center<\/em> con la foto <a href=\"https:\/\/sevillanism.es\/wp-content\/uploads\/2024\/04\/cupula_san_luis_edificios_singulares_sevilla.jpg\"><span style=\"color: #000000;\"><em>C\u00fapula de San Luis<\/em><\/span><\/a>.<\/p>\n<!-- \/wp:paragraph --><!-- wp:paragraph -->\n<p><strong>Exposiciones<br \/><br \/><\/strong>Actualmente, trabajando en la pr\u00f3xima.<\/p>\n<!-- \/wp:paragraph --><!-- wp:paragraph --><!-- \/wp:paragraph --><!-- wp:paragraph -->\n<p>\u00a0<\/p>\n<!-- \/wp:paragraph --><\/div>\n<!-- \/wp:group -->\t\t\t\t\t<\/div>\n\t\t\t\t\t\t<\/div>\n\t\t\t\t<\/div>\n\t\t\t\t\t\t<\/div>\n\t\t\t\t\t<\/div>\n\t\t<\/div>\n\t\t\t\t\t\t\t\t<\/div>\n\t\t\t\t\t<\/div>\n\t\t<\/section>\n\t\t\t\t\t\t\t\t\t<\/div>\n\t\t\t<\/div>\n\t\t\t\t\t<\/div>\n\t\t","protected":false},"excerpt":{"rendered":"<p>Nacido en Sevilla en 1981 y diplomado en arquitectura T\u00e9cnica en 2006, Jos\u00e9 Carlos Carrascoso Espino, conocido como Kurko por su devoci\u00f3n al grupo Nirvana, es un apasionado de la arquitectura la cual le impuls\u00f3 a querer inmortalizar cada parpadeo que se perd\u00edan sus ojos cuando se encontraba ante edificaciones que irradiaban belleza, lo que &hellip; <\/p>\n<p class=\"link-more\"><a href=\"https:\/\/sevillanism.es\/index.php\/sobre-mi\/\" class=\"more-link\">Continuar leyendo<span class=\"screen-reader-text\"> \u00abSobre mi\u00bb<\/span><\/a><\/p>\n","protected":false},"author":1,"featured_media":0,"parent":0,"menu_order":0,"comment_status":"closed","ping_status":"closed","template":"","meta":{"_vp_format_video_url":"","_vp_image_focal_point":[]},"_links":{"self":[{"href":"https:\/\/sevillanism.es\/index.php\/wp-json\/wp\/v2\/pages\/9"}],"collection":[{"href":"https:\/\/sevillanism.es\/index.php\/wp-json\/wp\/v2\/pages"}],"about":[{"href":"https:\/\/sevillanism.es\/index.php\/wp-json\/wp\/v2\/types\/page"}],"author":[{"embeddable":true,"href":"https:\/\/sevillanism.es\/index.php\/wp-json\/wp\/v2\/users\/1"}],"replies":[{"embeddable":true,"href":"https:\/\/sevillanism.es\/index.php\/wp-json\/wp\/v2\/comments?post=9"}],"version-history":[{"count":34,"href":"https:\/\/sevillanism.es\/index.php\/wp-json\/wp\/v2\/pages\/9\/revisions"}],"predecessor-version":[{"id":4383,"href":"https:\/\/sevillanism.es\/index.php\/wp-json\/wp\/v2\/pages\/9\/revisions\/4383"}],"wp:attachment":[{"href":"https:\/\/sevillanism.es\/index.php\/wp-json\/wp\/v2\/media?parent=9"}],"curies":[{"name":"wp","href":"https:\/\/api.w.org\/{rel}","templated":true}]}}