{"id":8,"date":"2020-11-25T18:54:34","date_gmt":"2020-11-25T18:54:34","guid":{"rendered":"https:\/\/sevillanism.es\/?page_id=8"},"modified":"2022-10-21T07:13:46","modified_gmt":"2022-10-21T07:13:46","slug":"inicio","status":"publish","type":"page","link":"https:\/\/sevillanism.es\/","title":{"rendered":"Inicio"},"content":{"rendered":"\t\t<div data-elementor-type=\"wp-page\" data-elementor-id=\"8\" class=\"elementor elementor-8\">\n\t\t\t\t\t\t<div class=\"elementor-inner\">\n\t\t\t\t<div class=\"elementor-section-wrap\">\n\t\t\t\t\t\t\t\t\t<section class=\"elementor-section elementor-top-section elementor-element elementor-element-43d9566 elementor-section-boxed elementor-section-height-default elementor-section-height-default elementor-invisible\" data-id=\"43d9566\" data-element_type=\"section\" data-settings=\"{&quot;animation&quot;:&quot;slideInLeft&quot;}\">\n\t\t\t\t\t\t<div class=\"elementor-container elementor-column-gap-default\">\n\t\t\t\t\t\t\t<div class=\"elementor-row\">\n\t\t\t\t\t<div class=\"elementor-column elementor-col-100 elementor-top-column elementor-element elementor-element-4b1d0d12\" data-id=\"4b1d0d12\" data-element_type=\"column\">\n\t\t\t<div class=\"elementor-column-wrap elementor-element-populated\">\n\t\t\t\t\t\t\t<div class=\"elementor-widget-wrap\">\n\t\t\t\t\t\t<div class=\"elementor-element elementor-element-42df66c elementor-invisible elementor-widget elementor-widget-text-editor\" data-id=\"42df66c\" data-element_type=\"widget\" data-settings=\"{&quot;_animation&quot;:&quot;fadeInLeft&quot;}\" data-widget_type=\"text-editor.default\">\n\t\t\t\t<div class=\"elementor-widget-container\">\n\t\t\t\t\t\t\t\t<div class=\"elementor-text-editor elementor-clearfix\">\n\t\t\t\t<!-- wp:group -->\n<div class=\"wp-block-group\"><div class=\"wp-block-group__inner-container\"><!-- wp:paragraph {\"align\":\"left\"} -->\n<p class=\"has-text-align-left\">Bienvenido a este espacio, dedicado a <strong><em>ver<\/em> <\/strong>Sevilla desde otro punto de vista.<\/p>\n<!-- \/wp:paragraph -->\n\n<!-- wp:paragraph {\"align\":\"left\"} -->\n<p class=\"has-text-align-left\">Proyecto de un arquitecto t\u00e9cnico sevillano, con m\u00e1s de 15 a\u00f1os de experiencia en fotograf\u00eda arquitect\u00f3nica. <\/p>\n<!-- \/wp:paragraph -->\n\n<!-- wp:paragraph {\"align\":\"left\"} -->\n<p class=\"has-text-align-left\">Realizaci\u00f3n de reportajes fotogr\u00e1ficos para inmobiliarias, productos, sesiones personalizadas en monumentos y sitios atractivos de Sevilla, eventos,&nbsp;book adaptado a las necesidades del cliente.&nbsp;<\/p>\n<!-- \/wp:paragraph -->\n\n<!-- wp:paragraph {\"align\":\"left\"} -->\n<p class=\"has-text-align-left\">Sesiones originales y atractivas a precios econ\u00f3micos. <\/p>\n<!-- \/wp:paragraph -->\n\n<!-- wp:paragraph -->\n<p>Retoque fotogr\u00e1fico profesional.<\/p>\n<!-- \/wp:paragraph -->\n\n<!-- wp:paragraph {\"align\":\"left\"} -->\n<p class=\"has-text-align-left\">No se quede con la duda e inmortalice sus recuerdos a trav\u00e9s de su objetivo. <\/p>\n<!-- \/wp:paragraph --><\/div><\/div>\n<!-- \/wp:group -->\n\n<!-- wp:paragraph -->\n<p><\/p>\n<!-- \/wp:paragraph -->\t\t\t\t\t<\/div>\n\t\t\t\t\t\t<\/div>\n\t\t\t\t<\/div>\n\t\t\t\t\t\t<\/div>\n\t\t\t\t\t<\/div>\n\t\t<\/div>\n\t\t\t\t\t\t\t\t<\/div>\n\t\t\t\t\t<\/div>\n\t\t<\/section>\n\t\t\t\t\t\t\t\t\t<\/div>\n\t\t\t<\/div>\n\t\t\t\t\t<\/div>\n\t\t","protected":false},"excerpt":{"rendered":"<p>Bienvenido a este espacio, dedicado a ver Sevilla desde otro punto de vista. Proyecto de un arquitecto t\u00e9cnico sevillano, con m\u00e1s de 15 a\u00f1os de experiencia en fotograf\u00eda arquitect\u00f3nica. Realizaci\u00f3n de reportajes fotogr\u00e1ficos para inmobiliarias, productos, sesiones personalizadas en monumentos y sitios atractivos de Sevilla, eventos,&nbsp;book adaptado a las necesidades del cliente.&nbsp; Sesiones originales y &hellip; <\/p>\n<p class=\"link-more\"><a href=\"https:\/\/sevillanism.es\/\" class=\"more-link\">Continuar leyendo<span class=\"screen-reader-text\"> \u00abInicio\u00bb<\/span><\/a><\/p>\n","protected":false},"author":1,"featured_media":0,"parent":0,"menu_order":0,"comment_status":"closed","ping_status":"closed","template":"","meta":{"_vp_format_video_url":"","_vp_image_focal_point":[]},"_links":{"self":[{"href":"https:\/\/sevillanism.es\/index.php\/wp-json\/wp\/v2\/pages\/8"}],"collection":[{"href":"https:\/\/sevillanism.es\/index.php\/wp-json\/wp\/v2\/pages"}],"about":[{"href":"https:\/\/sevillanism.es\/index.php\/wp-json\/wp\/v2\/types\/page"}],"author":[{"embeddable":true,"href":"https:\/\/sevillanism.es\/index.php\/wp-json\/wp\/v2\/users\/1"}],"replies":[{"embeddable":true,"href":"https:\/\/sevillanism.es\/index.php\/wp-json\/wp\/v2\/comments?post=8"}],"version-history":[{"count":14,"href":"https:\/\/sevillanism.es\/index.php\/wp-json\/wp\/v2\/pages\/8\/revisions"}],"predecessor-version":[{"id":3458,"href":"https:\/\/sevillanism.es\/index.php\/wp-json\/wp\/v2\/pages\/8\/revisions\/3458"}],"wp:attachment":[{"href":"https:\/\/sevillanism.es\/index.php\/wp-json\/wp\/v2\/media?parent=8"}],"curies":[{"name":"wp","href":"https:\/\/api.w.org\/{rel}","templated":true}]}}

<div data-elementor-type="wp-page" data-elementor-id="8" class="elementor elementor-8">
						<div class="elementor-inner">
				<div class="elementor-section-wrap">
									<section class="elementor-section elementor-top-section elementor-element elementor-element-43d9566 elementor-section-boxed elementor-section-height-default elementor-section-height-default elementor-invisible" data-id="43d9566" data-element_type="section" data-settings="{&quot;animation&quot;:&quot;slideInLeft&quot;}">
						<div class="elementor-container elementor-column-gap-default">
							<div class="elementor-row">
					<div class="elementor-column elementor-col-100 elementor-top-column elementor-element elementor-element-4b1d0d12" data-id="4b1d0d12" data-element_type="column">
			<div class="elementor-column-wrap elementor-element-populated">
							<div class="elementor-widget-wrap">
						<div class="elementor-element elementor-element-42df66c elementor-invisible elementor-widget elementor-widget-text-editor" data-id="42df66c" data-element_type="widget" data-settings="{&quot;_animation&quot;:&quot;fadeInLeft&quot;}" data-widget_type="text-editor.default">
				<div class="elementor-widget-container">
								<div class="elementor-text-editor elementor-clearfix">
				<!-- wp:group -->
<div class="wp-block-group"><div class="wp-block-group__inner-container"><!-- wp:paragraph {"align":"left"} -->
<p class="has-text-align-left">Bienvenido a este espacio, dedicado a <strong><em>ver</em> </strong>Sevilla desde otro punto de vista.</p>
<!-- /wp:paragraph -->

<!-- wp:paragraph {"align":"left"} -->
<p class="has-text-align-left">Proyecto de un arquitecto técnico sevillano, con más de 15 años de experiencia en fotografía arquitectónica. </p>
<!-- /wp:paragraph -->

<!-- wp:paragraph {"align":"left"} -->
<p class="has-text-align-left">Realización de reportajes fotográficos para inmobiliarias, productos, sesiones personalizadas en monumentos y sitios atractivos de Sevilla, eventos,&nbsp;book adaptado a las necesidades del cliente.&nbsp;</p>
<!-- /wp:paragraph -->

<!-- wp:paragraph {"align":"left"} -->
<p class="has-text-align-left">Sesiones originales y atractivas a precios económicos. </p>
<!-- /wp:paragraph -->

<!-- wp:paragraph -->
<p>Retoque fotográfico profesional.</p>
<!-- /wp:paragraph -->

<!-- wp:paragraph {"align":"left"} -->
<p class="has-text-align-left">No se quede con la duda e inmortalice sus recuerdos a través de su objetivo. </p>
<!-- /wp:paragraph --></div></div>
<!-- /wp:group -->

<!-- wp:paragraph -->
<p></p>
<!-- /wp:paragraph -->					</div>
						</div>
				</div>
						</div>
					</div>
		</div>
								</div>
					</div>
		</section>
									</div>
			</div>
					</div>

<p>Bienvenido a este espacio, dedicado a ver Sevilla desde otro punto de vista. Proyecto de un arquitecto técnico sevillano, con más de 15 años de experiencia en fotografía arquitectónica. Realización de reportajes fotográficos para inmobiliarias, productos, sesiones personalizadas en monumentos y sitios atractivos de Sevilla, eventos,&nbsp;book adaptado a las necesidades del cliente.&nbsp; Sesiones originales y &hellip; </p>
<p class="link-more"><a href="https://sevillanism.es/" class="more-link">Continuar leyendo<span class="screen-reader-text"> «Inicio»</span></a></p>
